3?
-1684
-1100101110 (base 2) to base 15
-394
Convert 132 (base 15) to base 6.
1132
Convert -12022 (base 3) to base 15.
-98
Convert -2097 (base 11) to base 16.
-ad0
Convert -1023 (base 7) to base 8.
-550
433 (base 10) to base 8
661
Convert 1683 (base 15) to base 6.
34240
Convert -21005 (base 6) to base 16.
-afd
What is 385a (base 13) in base 11?
602a
Convert 331220 (base 4) to base 11.
2a66
4142 (base 5) to base 16
223
Convert 37470 (base 10) to base 15.
b180
What is -1554 (base 6) in base 12?
-2ba
Convert 510054 (base 6) to base 4.
21310102
Convert -468 (base 10) to base 15.
-213
What is -189 (base 13) in base 4?
-10122
Convert 3104 (base 6) to base 7.
2002
460 (base 15) to base 8
1736
-512a (base 12) to base 5
-240233
461 (base 13) to base 4
23303
Convert -213 (base 9) to base 11.
-149
-210b (base 14) to base 8
-13077
-296 (base 14) to base 5
-4044
What is -8e9 (base 15) in base 2?
-11111100011
Convert 58b (base 12) to base 2.
1100111011
What is -106 (base 12) in base 3?
-12120
Convert -1021030 (base 4) to base 10.
-4684
Convert -b6 (base 13) to base 12.
-105
6630 (base 9) to base 14
1ad1
What is -22a0 (base 12) in base 2?
-111100011000
What is -4120 (base 10) in base 4?
-1000120
Convert 22022 (base 4) to base 9.
802
-11014 (base 5) to base 3
-1001010
What is -88 (base 11) in base 7?
-165
Convert 4221 (base 7) to base 10.
1485
Convert 1a1 (base 12) to base 14.
14d
Convert 11424 (base 8) to base 2.
1001100010100
-1122333 (base 4) to base 13
-285c
-111 (base 10) to base 11
-a1
What is 506 (base 12) in base 14?
39c
Convert -122515 (base 8) to base 12.
-205a5
-23014 (base 5) to base 8
-3142
Convert -1ba4 (base 13) to base 12.
-2512
-51614 (base 8) to base 5
-1141023
1101110210 (base 3) to base 16
6ab6
What is 100101000 (base 2) in base 12?
208
-201222 (base 3) to base 15
-25e
What is -100000011111 (base 2) in base 16?
-81f
What is -2302 (base 14) in base 4?
-1132332
Convert -7322 (base 8) to base 15.
-11ce
What is 1000000111000000 (base 2) in base 14?
c168
Convert 51 (base 12) to base 3.
2021
Convert -11303 (base 6) to base 14.
-83d
Convert 1dea (base 15) to base 4.
1211320
What is 2010 (base 4) in base 10?
132
Convert -11102301 (base 4) to base 12.
-10669
Convert -41328 (base 11) to base 13.
-21597
Convert 4322112 (base 5) to base 12.
36593
What is 30103 (base 8) in base 5?
343410
Convert 2524 (base 6) to base 13.
394
What is 3387 (base 9) in base 7?
10213
Convert 313302 (base 4) to base 8.
6762
Convert -1661 (base 8) to base 7.
-2520
Convert 1130220 (base 4) to base 9.
8116
-d42b (base 14) to base 6
-440543
-951 (base 11) to base 13
-6a1
What is -b4 (base 16) in base 2?
-10110100
1a3 (base 16) to base 11
351
Convert 82 (base 14) to base 2.
1110010
-10947 (base 10) to base 11
-8252
What is 47704 (base 9) in base 2?
111110010101110
Convert 21255 (base 11) to base 13.
110c1
467 (base 12) to base 11
546
What is 445 (base 14) in base 16?
34d
What is -100100011 (base 2) in base 10?
-291
What is -5c24 (base 14) in base 15?
-4b89
Convert 648 (base 10) to base 13.
3ab
What is 2361 (base 14) in base 7?
23651
What is -32321013 (base 4) in base 11?
-41914
What is -3030331 (base 4) in base 7?
-53146
Convert -2777 (base 13) to base 7.
-22355
Convert 761 (base 11) to base 2.
1110010010
-101010123 (base 4) to base 13
-25a91
What is -2130 (base 4) in base 14?
-b2
What is 634 (base 8) in base 2?
110011100
What is -1100011001 (base 2) in base 16?
-319
Convert 303 (base 15) to base 9.
833
What is 8a (base 16) in base 7?
255
Convert -1230201 (base 6) to base 16.
-10279
What is -212101 (base 4) in base 5?
-34244
-5684 (base 9) to base 15
-13a7
Convert -12420 (base 5) to base 6.
-4321
13145 (base 9) to base 6
105022
-3a40 (base 12) to base 5
-203142
What is 1521 (base 12) in base 10?
2473
2a0b (base 15) to base 5
242021
What is -202a9 (base 11) in base 13?
-10653
Convert -14771 (base 9) to base 6.
-114444
Convert 13a (base 14) to base 5.
1443
-3924 (base 15) to base 16
-2f98
What is -239 (base 13) in base 8?
-602
1201112 (base 4) to base 6
44502
203021 (base 4) to base 10
2249
Convert -110211122 (base 3) to base 8.
-22217
What is 98d (base 15) in base 6?
13554
658 (base 15) to base 12
9b5
Convert 130123 (base 6) to base 13.
5442
Convert -8821 (base 9) to base 13.
-2c5c
Convert -2a07 (base 12) to base 14.
-1b03
-e70 (base 16) to base 3
-12001220
-15672 (base 9) to base 3
-112202102
What is 37d3 (base 14) in base 3?
111102120
Convert -12011 (base 4) to base 15.
-1ae
-60591 (base 10) to base 12
-2b093
What is 544051 (base 6) in base 7?
245035
What is 35670 (base 9) in base 14?
89b7
Convert 17e (base 16) to base 7.
1054
Convert -6a1d (base 14) to base 6.
-221231
Convert 1520 (base 9) to base 2.
10010000000
Convert -314014 (base 6) to base 9.
-37871
What is 10784 (base 10) in base 5?
321114
Convert -1000000001010000 (base 2) to base 9.
-50047
Convert -1a640 (base 14) to base 10.
-67088
123345 (base 6) to base 10
11153
Convert -579 (base 10) to base 7.
-1455
-2637 (base 10) to base 5
-41022
124a (base 12) to base 8
4032
-3772 (base 10) to base 8
-7274
-3621 (base 10) to base 2
-111000100101
593 (base 14) to base 2
10001010101
What is 7039 (base 12) in base 14?
45d3
What is -15466 (base 7) in base 13?
-1ca5
Convert -224 (base 11) to base 16.
-10c
What is -2012012001 (base 3) in base 14?
-11a1d
36163 (base 7) to base 5
244410
What is 3323 (base 8) in base 11?
1349
Convert -2001100 (base 3) to base 7.
-4233
What is -584 (base 10) in base 5?
-4314
Convert -924 (base 10) to base 6.
-4140
-10111011 (base 2) to base 8
-273
What is 2143232 (base 5) in base 6?
444433
666 (base 12) to base 7
2514
What is -1014412 (base 5) in base 15?
-4edc
-1456 (base 9) to base 15
-4d9
What is -100000100 (base 2) in base 16?
-104
1488 (base 15) to base 10
4403
What is -14222 (base 10) in base 15?
-4332
What is -674 (base 10) in base 3?
-220222
23564 (base 8) to base 11
7652
3f0a (base 16) to base 15
4bad
Convert -1236 (base 10) to base 4.
-103110
44385 (base 9) to base 12
15088
530024 (base 6) to base 15
ca24
What is -1056b (base 14) in base 16?
-9a43
What is 169 (base 13) in base 16?
100
1002112 (base 4) to base 10
4246
-6564 (base 9) to base 2
-1001011100101
Convert -15ca (base 15) to base 2.
-1001001010010
What is -795 (base 12) in base 13?
-683
Convert bd (base 14) to base 5.
1132
336 (base 8) to base 7
435
Convert -1573 (base 10) to base 2.
-11000100101
1484 (base 11) to base 15
872
-2011121 (base 3) to base 6
-11154
Convert 212011 (base 3) to base 7.
1552
-10334 (base 7) to base 8
-5015
What is -101011111 (base 2) in base 11?
-29a
Convert -377 (base 12) to base 3.
-201101
What is 4345 (base 8) in base 3?
10010100
Convert 40141 (base 5) to base 7.
10265
6002 (base 7) to base 6
13312
Convert -23201 (base 4) to base 8.
-1341
47 (base 15) to base 4
1003
Convert 25d (base 16) to base 3.
211102
Convert 33323 (base 6) to base 13.
2175
Convert 311411 (base 5) to base 4.
2133313
24142 (base 5) to base 2
11100000101
What is -44777 (base 8) in base 15?
-592d
What is 18c2 (base 16) in base 3?
22200202
6432 (base 9) to base 6
33515
Convert 5a97 (base 13) to base 16.
31ff
What is 3e (base 15) in base 3?
2012
Convert -1011001000001000 (base 2) to base 8.
-131010
What is -1548 (base 12) in base 3?
-10102202
Convert 53b (base 16) to base 12.
937
Convert 31002 (base 5) to base 11.
1560
What is -2417 (base 8) in base 16?
-50f
What is a55 (base 12) in base 3?
2001202
Convert -359 (base 11) to base 4.
-12223
3255 (base 8) to base 10
1709
What is -14416 (base 8) in base 7?
-24462
What is 1102 (base 9) in base 11?
679
What is 220220 (base 7) in base 9?
57758
What is -163 (base 16) in base 7?
-1015
Convert 3102114 (base 5) to base 2.
1100010001101100
-6254 (base 10) to base 11
-4776
What is 2122431 (base 5) in base 2?
1000110010010111
What is -120034 (base 8) in base 6?
-513432
Convert -21004 (base 6) to base 8.
-5374
-223322 (base 4) to base 11
-2125
Convert 11102010 (base 3) to base 2.
110010010000
What is 20023 (base 4) in base 9?
641
-1056 (base 9) to base 3
-1001220
What is -561 (base 11) in base 5?
-10142
Convert 223043 (base 7) to base 12.
1aa18
Convert -22701 (base 9) to base 3.
-202210001
What is 2186 (base 9) in base 15?
72c
What is -1362 (base 8) in base 16?
-2f2
What is 267 (base 8) in base 3?
2021